{"id":10,"date":"2011-10-12T17:26:48","date_gmt":"2011-10-12T15:26:48","guid":{"rendered":"http:\/\/localhost:8888\/sejonssons\/?page_id=10"},"modified":"2026-02-18T08:56:22","modified_gmt":"2026-02-18T07:56:22","slug":"forstasidan","status":"publish","type":"page","link":"https:\/\/www.sejonssonsab.se\/","title":{"rendered":"V\u00e4lkommen"},"content":{"rendered":"<p>F\u00f6retaget startades 1969 av Sven-Erik J\u00f6nsson och 2002 ombildades SE J\u00f6nssons Maskinstation till aktiebolag. Basen f\u00f6r verksamheten \u00e4r \u00d6stra V\u00e4rlinge. Administrationen handl\u00e4ggs fr\u00e5n Vannh\u00f6gsgatan 9 i&nbsp;Trelleborg.<\/p>\n<p>Personalstyrkan best\u00e5r av 18 duktiga och erfarna medarbetare med stor potential att utf\u00f6ra arbetena p\u00e5 ett bra och kunnigt s\u00e4tt. Allt f\u00f6r att kunden ska vara n\u00f6jd och bel\u00e5ten. <strong>Detta \u00e4r v\u00e5rt huvudsakliga motto.<\/strong><\/p>\n<p><em>H\u00e5kan J\u00f6nsson<\/em><\/p>\n","protected":false},"excerpt":{"rendered":"<p>F\u00f6retaget startades 1969 av Sven-Erik J\u00f6nsson och 2002 ombildades SE J\u00f6nssons Maskinstation till aktiebolag. Basen f\u00f6r verksamheten \u00e4r \u00d6stra V\u00e4rlinge. Administrationen handl\u00e4ggs fr\u00e5n Vannh\u00f6gsgatan 9 i&nbsp;Trelleborg. Personalstyrkan best\u00e5r av 18 duktiga och erfarna medarbetare med stor potential att utf\u00f6ra arbetena &hellip; <a href=\"https:\/\/www.sejonssonsab.se\/\">Forts\u00e4tt l\u00e4sa <span class=\"meta-nav\">&rarr;<\/span><\/a><\/p>\n","protected":false},"author":1,"featured_media":0,"parent":0,"menu_order":0,"comment_status":"closed","ping_status":"closed","template":"front-page.php","meta":{"ngg_post_thumbnail":0,"footnotes":""},"class_list":["post-10","page","type-page","status-publish","hentry"],"_links":{"self":[{"href":"https:\/\/www.sejonssonsab.se\/index.php?rest_route=\/wp\/v2\/pages\/10","targetHints":{"allow":["GET"]}}],"collection":[{"href":"https:\/\/www.sejonssonsab.se\/index.php?rest_route=\/wp\/v2\/pages"}],"about":[{"href":"https:\/\/www.sejonssonsab.se\/index.php?rest_route=\/wp\/v2\/types\/page"}],"author":[{"embeddable":true,"href":"https:\/\/www.sejonssonsab.se\/index.php?rest_route=\/wp\/v2\/users\/1"}],"replies":[{"embeddable":true,"href":"https:\/\/www.sejonssonsab.se\/index.php?rest_route=%2Fwp%2Fv2%2Fcomments&post=10"}],"version-history":[{"count":7,"href":"https:\/\/www.sejonssonsab.se\/index.php?rest_route=\/wp\/v2\/pages\/10\/revisions"}],"predecessor-version":[{"id":252,"href":"https:\/\/www.sejonssonsab.se\/index.php?rest_route=\/wp\/v2\/pages\/10\/revisions\/252"}],"wp:attachment":[{"href":"https:\/\/www.sejonssonsab.se\/index.php?rest_route=%2Fwp%2Fv2%2Fmedia&parent=10"}],"curies":[{"name":"wp","href":"https:\/\/api.w.org\/{rel}","templated":true}]}}