{"id":30,"date":"2011-10-12T19:14:39","date_gmt":"2011-10-12T17:14:39","guid":{"rendered":"http:\/\/localhost:8888\/sejonssons\/?page_id=30"},"modified":"2026-02-18T08:53:56","modified_gmt":"2026-02-18T07:53:56","slug":"lantbruk","status":"publish","type":"page","link":"https:\/\/www.sejonssonsab.se\/?page_id=30","title":{"rendered":"Lantbruk"},"content":{"rendered":"<p><strong><img loading=\"lazy\" decoding=\"async\" class=\"alignright size-large wp-image-45\" title=\"Tr\u00f6ska4\" src=\"http:\/\/www.sejonssonsab.se\/wp-content\/uploads\/2011\/10\/Tr\u00f6ska4-1024x678.jpg\" alt=\"\" width=\"584\" height=\"386\" srcset=\"\/wp-content\/uploads\/2011\/10\/Tr\u00f6ska4-1024x678.jpg 1024w, \/wp-content\/uploads\/2011\/10\/Tr\u00f6ska4-300x198.jpg 300w, \/wp-content\/uploads\/2011\/10\/Tr\u00f6ska4-452x300.jpg 452w\" sizes=\"auto, (max-width: 584px) 100vw, 584px\" \/>Maskinparken best\u00e5r av<br \/>\n<\/strong><br \/>\nFendt 211<br \/>\nFendt 313<br \/>\nFendt 415<br \/>\nFendt 516<br \/>\nFendt 716<br \/>\nFendt 720<br \/>\nFendt 724<br \/>\nFendt 828<\/p>\n<p>Tr\u00f6ska New Holland 8.90, 30 fot<\/p>\n<p>Bets\u00e4ttare Unicorn 2, 18-radig<br \/>\nBethacka Thyregood, 18-radig<br \/>\nBetupptagare Holmer, 6-radig<br \/>\nV\u00e4derstad Carrier<br \/>\nRotorsl\u00e5tterkross<br \/>\nRundbalspress New Holland BR 180<br \/>\nStorbalspress New Holland BB 9090<br \/>\nEnsileringsmaskin Kverneland<br \/>\nStr\u00e4ngl\u00e4ggare<br \/>\nV\u00e4derstad Rapid 4 m<br \/>\nV\u00e4derstad Cultus 4 m med s\u00e5l\u00e5da (raps)<br \/>\nV\u00e4derstad NC Aggressive 8 m<br \/>\nV\u00e4derstad crosskillv\u00e4lt 8 m<br \/>\nV\u00e4derstad v\u00e4lt 12 m<br \/>\nKverneland v\u00e4xelplogar 5- resp 6-sk\u00e4riga<\/p>\n","protected":false},"excerpt":{"rendered":"<p>Maskinparken best\u00e5r av Fendt 211 Fendt 313 Fendt 415 Fendt 516 Fendt 716 Fendt 720 Fendt 724 Fendt 828 Tr\u00f6ska New Holland 8.90, 30 fot Bets\u00e4ttare Unicorn 2, 18-radig Bethacka Thyregood, 18-radig Betupptagare Holmer, 6-radig V\u00e4derstad Carrier Rotorsl\u00e5tterkross Rundbalspress New &hellip; <a href=\"https:\/\/www.sejonssonsab.se\/?page_id=30\">Forts\u00e4tt l\u00e4sa <span class=\"meta-nav\">&rarr;<\/span><\/a><\/p>\n","protected":false},"author":1,"featured_media":0,"parent":0,"menu_order":0,"comment_status":"closed","ping_status":"closed","template":"generic-page.php","meta":{"ngg_post_thumbnail":0,"footnotes":""},"class_list":["post-30","page","type-page","status-publish","hentry"],"_links":{"self":[{"href":"https:\/\/www.sejonssonsab.se\/index.php?rest_route=\/wp\/v2\/pages\/30","targetHints":{"allow":["GET"]}}],"collection":[{"href":"https:\/\/www.sejonssonsab.se\/index.php?rest_route=\/wp\/v2\/pages"}],"about":[{"href":"https:\/\/www.sejonssonsab.se\/index.php?rest_route=\/wp\/v2\/types\/page"}],"author":[{"embeddable":true,"href":"https:\/\/www.sejonssonsab.se\/index.php?rest_route=\/wp\/v2\/users\/1"}],"replies":[{"embeddable":true,"href":"https:\/\/www.sejonssonsab.se\/index.php?rest_route=%2Fwp%2Fv2%2Fcomments&post=30"}],"version-history":[{"count":12,"href":"https:\/\/www.sejonssonsab.se\/index.php?rest_route=\/wp\/v2\/pages\/30\/revisions"}],"predecessor-version":[{"id":248,"href":"https:\/\/www.sejonssonsab.se\/index.php?rest_route=\/wp\/v2\/pages\/30\/revisions\/248"}],"wp:attachment":[{"href":"https:\/\/www.sejonssonsab.se\/index.php?rest_route=%2Fwp%2Fv2%2Fmedia&parent=30"}],"curies":[{"name":"wp","href":"https:\/\/api.w.org\/{rel}","templated":true}]}}